{"id":93,"date":"2006-07-07T16:49:47","date_gmt":"2006-07-07T20:49:47","guid":{"rendered":"http:\/\/www.onurbaser.info\/gunluk\/bilgisayar-bilgi-islem-teknolojisi\/"},"modified":"2012-02-01T15:45:15","modified_gmt":"2012-02-01T13:45:15","slug":"bilgisayar-bilgi-islem-teknolojisi","status":"publish","type":"page","link":"https:\/\/www.onurbaser.info\/gunluk\/bilgisayar-bilgi-islem-teknolojisi\/","title":{"rendered":"Bilgisayar \/ Bilgi-\u0130\u015flem Teknolojisi"},"content":{"rendered":"<p>Bu sayflarda ge\u00e7mi\u015fte ve \u015fu anda \u00fczerinde \u00e7al\u0131\u015ft\u0131\u011f\u0131m bilgi i\u015flem ve bilgisayar tabanl\u0131 projelerimi bulabilirsiniz.<\/p>\n<ul>\n<li>Servis Veri Taban\u0131 &#8211; SVTnet \/ SVT2000<\/li>\n<li>lasti\u011fim.net<\/li>\n<li>>>> BU SAYFA HEN\u00dcZ TAMAMLANMADI < <<<\/li>\n<\/li>\n<\/ul>\n<p>Yedekleme<br \/>\n<code>$ tar -zcvf prog-1-jan-2012.tar.gz \/home\/onur<\/code><\/p>\n<p>Komple Transfer<br \/>\n<code>\/\/ To transfer all the files in the httpdocs directory to a folder on the remote machine<br \/>\nscp -rpC \/var\/www\/httpdocs\/* remote_user@remote_domain.com:\/var\/www\/httpdocs <\/code><\/p>\n","protected":false},"excerpt":{"rendered":"<p>Bu sayflarda ge\u00e7mi\u015fte ve \u015fu anda \u00fczerinde \u00e7al\u0131\u015ft\u0131\u011f\u0131m bilgi i\u015flem ve bilgisayar tabanl\u0131 projelerimi bulabilirsiniz. Servis Veri Taban\u0131 &#8211; SVTnet \/ SVT2000 lasti\u011fim.net >>> BU SAYFA HEN\u00dcZ TAMAMLANMADI <\n<\/p>\n","protected":false},"author":1,"featured_media":0,"parent":0,"menu_order":0,"comment_status":"open","ping_status":"open","template":"","meta":{"jetpack_post_was_ever_published":false,"footnotes":""},"class_list":["post-93","page","type-page","status-publish","hentry"],"jetpack_sharing_enabled":true,"jetpack_shortlink":"https:\/\/wp.me\/P9nmfM-1v","jetpack_likes_enabled":true,"jetpack-related-posts":[],"_links":{"self":[{"href":"https:\/\/www.onurbaser.info\/gunluk\/wp-json\/wp\/v2\/pages\/93","targetHints":{"allow":["GET"]}}],"collection":[{"href":"https:\/\/www.onurbaser.info\/gunluk\/wp-json\/wp\/v2\/pages"}],"about":[{"href":"https:\/\/www.onurbaser.info\/gunluk\/wp-json\/wp\/v2\/types\/page"}],"author":[{"embeddable":true,"href":"https:\/\/www.onurbaser.info\/gunluk\/wp-json\/wp\/v2\/users\/1"}],"replies":[{"embeddable":true,"href":"https:\/\/www.onurbaser.info\/gunluk\/wp-json\/wp\/v2\/comments?post=93"}],"version-history":[{"count":2,"href":"https:\/\/www.onurbaser.info\/gunluk\/wp-json\/wp\/v2\/pages\/93\/revisions"}],"predecessor-version":[{"id":456,"href":"https:\/\/www.onurbaser.info\/gunluk\/wp-json\/wp\/v2\/pages\/93\/revisions\/456"}],"wp:attachment":[{"href":"https:\/\/www.onurbaser.info\/gunluk\/wp-json\/wp\/v2\/media?parent=93"}],"curies":[{"name":"wp","href":"https:\/\/api.w.org\/{rel}","templated":true}]}}